{"id":2,"date":"2024-04-11T20:51:41","date_gmt":"2024-04-11T18:51:41","guid":{"rendered":"https:\/\/www.dssnasdomov.sk\/wp\/?page_id=2"},"modified":"2026-04-02T14:02:33","modified_gmt":"2026-04-02T12:02:33","slug":"ukazka-strany","status":"publish","type":"page","link":"https:\/\/www.dssnasdomov.sk\/","title":{"rendered":"Prajeme V\u00e1m vesel\u00e9 a pr\u00edjemn\u00e9 ve\u013ekono\u010dn\u00e9 sviatky !"},"content":{"rendered":"\n<figure class=\"wp-block-gallery has-nested-images columns-default is-cropped wp-block-gallery-1 is-layout-flex wp-block-gallery-is-layout-flex\">\n<figure class=\"wp-block-image size-large\"><a href=\"https:\/\/www.dssnasdomov.sk\/wp-content\/uploads\/2026\/04\/20260327_105010-scaled.jpg\" data-rel=\"lightbox-image-0\" data-rl_title=\"\" data-rl_caption=\"\" title=\"\"><img loading=\"lazy\" decoding=\"async\" width=\"1024\" height=\"577\" data-id=\"10752\" src=\"https:\/\/www.dssnasdomov.sk\/wp-content\/uploads\/2026\/04\/20260327_105010-1024x577.jpg\" alt=\"\" class=\"wp-image-10752\" srcset=\"https:\/\/www.dssnasdomov.sk\/wp-content\/uploads\/2026\/04\/20260327_105010-1024x577.jpg 1024w, https:\/\/www.dssnasdomov.sk\/wp-content\/uploads\/2026\/04\/20260327_105010-300x169.jpg 300w, https:\/\/www.dssnasdomov.sk\/wp-content\/uploads\/2026\/04\/20260327_105010-768x432.jpg 768w, https:\/\/www.dssnasdomov.sk\/wp-content\/uploads\/2026\/04\/20260327_105010-1536x865.jpg 1536w, https:\/\/www.dssnasdomov.sk\/wp-content\/uploads\/2026\/04\/20260327_105010-2048x1153.jpg 2048w\" sizes=\"auto, (max-width: 1024px) 100vw, 1024px\" \/><\/a><\/figure>\n<\/figure>\n\n\n<h1 style=\"text-align: center;\"><span style=\"color: #ff0000;\">N\u00e1v\u0161tevy v zariaden\u00ed<\/span><\/h1>\n<h3 style=\"text-align: center;\"><strong>Z d\u00f4vodu zv\u00fd\u0161en\u00e9ho v\u00fdskytu respira\u010dn\u00fdch ochoren\u00ed, n\u00e1v\u0161tevy\u00a0 v zariaden\u00ed s\u00fa obmedzen\u00e9.\u00a0<\/strong><\/h3>\n<h3 style=\"text-align: center;\"><strong>Viac inform\u00e1ci\u00ed poskytneme\u00a0<\/strong><\/h3>\n<h3 style=\"text-align: center;\"><span style=\"color: #000000;\"><strong> na t.\u010d. 047\/56 94 319<\/strong><\/span><\/h3>\n<h3 style=\"text-align: center;\"><span style=\"color: #000000;\"><strong>alebo 0911 417 647<\/strong><\/span><\/h3>\n<h6 style=\"text-align: center;\"><span style=\"color: #993300;\"><strong>Ob\u010dianske zdru\u017eenie N\u00c1\u0160 DOMOV bolo zalo\u017een\u00e9 v roku 2006 a vtedy vznikla aj my\u0161lienka majite\u013eov budovy ,man\u017eelov \u017diakovcov, ( ktor\u00e1 sa nach\u00e1dza v bl\u00edzkosti okresn\u00e9ho mesta Rimavsk\u00e1 Sobota, v obci O\u017e\u010fany \u2013 \u010dasti Babin most), aby pod kr\u00eddlami OZ vznikol Domov soci\u00e1lnych slu\u017eieb pre ment\u00e1lne a telesne postihnut\u00fdch ob\u010danov.<\/strong><\/span><\/h6>\n<p><a href=\"https:\/\/www.dssnasdomov.sk\/wp-content\/uploads\/2025\/11\/IMG_2943.jpg\" data-rel=\"lightbox-image-1\" data-rl_title=\"\" data-rl_caption=\"\" title=\"\"><img loading=\"lazy\" decoding=\"async\" class=\"alignnone size-large wp-image-10329\" src=\"https:\/\/www.dssnasdomov.sk\/wp-content\/uploads\/2025\/11\/IMG_2943-1024x768.jpg\" alt=\"\" width=\"604\" height=\"453\" srcset=\"https:\/\/www.dssnasdomov.sk\/wp-content\/uploads\/2025\/11\/IMG_2943-1024x768.jpg 1024w, https:\/\/www.dssnasdomov.sk\/wp-content\/uploads\/2025\/11\/IMG_2943-300x225.jpg 300w, https:\/\/www.dssnasdomov.sk\/wp-content\/uploads\/2025\/11\/IMG_2943-768x576.jpg 768w\" sizes=\"auto, (max-width: 604px) 100vw, 604px\" \/><\/a><\/p>\n<h6 style=\"text-align: center;\"><span style=\"color: #993300;\"><strong>S klientmi moment\u00e1lne pracuje 23 zamestnancov , ktor\u00fdch n\u00e1jdete v\u017edy s \u00fasmevom na tv\u00e1ri a l\u00e1skav\u00fdm slovom. Va\u0161i najbli\u017e\u0161\u00ed u n\u00e1s n\u00e1jdu k\u013eud, pohodu, profesion\u00e1lnu starostlivos\u0165 a pritom maj\u00fa istotu, \u017ee ich najbli\u017e\u0161\u00ed ich m\u00f4\u017eu kedyko\u013evek nav\u0161t\u00edvi\u0165.<\/strong><\/span><\/h6>\n<h6 style=\"text-align: center;\">OZ N\u00e1\u0161 Domov \u00a0je zariadenie ktor\u00e9 poskytuje \u00a0celoro\u010dn\u00fd a\u00a0ambulantn\u00fd pobyt s\u00a0kapacitou 37 miest.<\/h6>\n<h6><span style=\"text-decoration: underline; color: #993300;\">Zah\u0155\u0148a\u00a0 poskytovanie soci\u00e1lnych slu\u017eieb:<\/span><\/h6>\n<h6><span style=\"color: #000000;\">&#8211; <strong>DSS<\/strong> kapacita 10 miest \u00a0<\/span><\/h6>\n<h6><span style=\"color: #000000;\">&#8211; <strong>ZPS<\/strong> s\u00a0kapacitou 24 miest.<\/span><\/h6>\n<h6><span style=\"color: #000000;\">&#8211; <strong>Ambulantn\u00fd pobyt<\/strong> 3 miesta<\/span><\/h6>\n<h6><span style=\"text-decoration: underline; color: #993300;\"><strong>Ubytovanie je poskytovan\u00e9 s celkov\u00fdm po\u010dtom l\u00f4\u017eok 34:<br \/><\/strong><\/span><\/h6>\n<h6><span style=\"color: #000000;\">Po\u010det izieb 18\u00a0 z\u00a0toho:<\/span><\/h6>\n<h6><span style=\"color: #000000;\">Pr\u00edzemie:\u00a0\u00a0\u00a0 &#8211;\u00a0 7 dvojl\u00f4\u017ekov\u00fdch izieb<\/span><\/h6>\n<h6><span style=\"color: #000000;\">\u00a0\u00a0\u00a0\u00a0\u00a0\u00a0\u00a0\u00a0\u00a0\u00a0\u00a0 \u00a0\u00a0\u00a0\u00a0\u00a0\u00a0\u00a0\u00a0\u00a0\u00a0\u00a0 &#8211; 1 izola\u010dn\u00e1 izba<\/span><\/h6>\n<h6><span style=\"color: #000000;\">Poschodie:\u00a0 &#8211; 10 dvojl\u00f4\u017ekov\u00fdch izieb<\/span><\/h6>\n<h6 style=\"text-align: center;\"><span style=\"color: #995400;\"><strong><span style=\"color: #993300;\">Individu\u00e1lny a \u013eudsk\u00fd pr\u00edstup k na\u0161im klientom s\u00fa cestou k Va\u0161ej spokojnosti.<\/span><\/strong><\/span><\/h6>","protected":false},"excerpt":{"rendered":"<p>N\u00e1v\u0161tevy v zariaden\u00ed Z d\u00f4vodu zv\u00fd\u0161en\u00e9ho v\u00fdskytu respira\u010dn\u00fdch ochoren\u00ed, n\u00e1v\u0161tevy\u00a0 v zariaden\u00ed s\u00fa obmedzen\u00e9.\u00a0 Viac inform\u00e1ci\u00ed poskytneme\u00a0 na t.\u010d. 047\/56 94 319 alebo 0911 417 647 Ob\u010dianske zdru\u017eenie N\u00c1\u0160 DOMOV bolo zalo\u017een\u00e9 v roku 2006 a vtedy vznikla aj my\u0161lienka majite\u013eov budovy ,man\u017eelov \u017diakovcov, ( ktor\u00e1 sa nach\u00e1dza v bl\u00edzkosti okresn\u00e9ho mesta Rimavsk\u00e1 Sobota, v &hellip; <a href=\"https:\/\/www.dssnasdomov.sk\/\" class=\"more-link\">Pokra\u010dova\u0165 na <span class=\"screen-reader-text\">Prajeme V\u00e1m vesel\u00e9 a pr\u00edjemn\u00e9 ve\u013ekono\u010dn\u00e9 sviatky !<\/span> <span class=\"meta-nav\">&rarr;<\/span><\/a><\/p>\n","protected":false},"author":3,"featured_media":0,"parent":0,"menu_order":0,"comment_status":"open","ping_status":"open","template":"","meta":{"_uag_custom_page_level_css":"","footnotes":""},"class_list":["post-2","page","type-page","status-publish","hentry"],"uagb_featured_image_src":{"full":false,"thumbnail":false,"medium":false,"medium_large":false,"large":false,"1536x1536":false,"2048x2048":false,"post-thumbnail":false},"uagb_author_info":{"display_name":"Marta \u017diakov\u00e1","author_link":"https:\/\/www.dssnasdomov.sk\/author\/nasdomovzoznam-sk\/"},"uagb_comment_info":0,"uagb_excerpt":"N\u00e1v\u0161tevy v zariaden\u00ed Z d\u00f4vodu zv\u00fd\u0161en\u00e9ho v\u00fdskytu respira\u010dn\u00fdch ochoren\u00ed, n\u00e1v\u0161tevy\u00a0 v zariaden\u00ed s\u00fa obmedzen\u00e9.\u00a0 Viac inform\u00e1ci\u00ed poskytneme\u00a0 na t.\u010d. 047\/56 94 319 alebo 0911 417 647 Ob\u010dianske zdru\u017eenie N\u00c1\u0160 DOMOV bolo zalo\u017een\u00e9 v roku 2006 a vtedy vznikla aj my\u0161lienka majite\u013eov budovy ,man\u017eelov \u017diakovcov, ( ktor\u00e1 sa nach\u00e1dza v bl\u00edzkosti okresn\u00e9ho mesta Rimavsk\u00e1 Sobota, v&hellip;","_links":{"self":[{"href":"https:\/\/www.dssnasdomov.sk\/wp-json\/wp\/v2\/pages\/2","targetHints":{"allow":["GET"]}}],"collection":[{"href":"https:\/\/www.dssnasdomov.sk\/wp-json\/wp\/v2\/pages"}],"about":[{"href":"https:\/\/www.dssnasdomov.sk\/wp-json\/wp\/v2\/types\/page"}],"author":[{"embeddable":true,"href":"https:\/\/www.dssnasdomov.sk\/wp-json\/wp\/v2\/users\/3"}],"replies":[{"embeddable":true,"href":"https:\/\/www.dssnasdomov.sk\/wp-json\/wp\/v2\/comments?post=2"}],"version-history":[{"count":73,"href":"https:\/\/www.dssnasdomov.sk\/wp-json\/wp\/v2\/pages\/2\/revisions"}],"predecessor-version":[{"id":10753,"href":"https:\/\/www.dssnasdomov.sk\/wp-json\/wp\/v2\/pages\/2\/revisions\/10753"}],"wp:attachment":[{"href":"https:\/\/www.dssnasdomov.sk\/wp-json\/wp\/v2\/media?parent=2"}],"curies":[{"name":"wp","href":"https:\/\/api.w.org\/{rel}","templated":true}]}}